e d(k).
-18
Let o(x) = -56*x**3 + 0*x**2 - x + 6*x**3 - 67299 + x**3 - x**2 + 67300. Give o(-1).
50
Let v(j) = 16*j + 6. Let h be ((-209)/(-209))/(1 - 8/7). Calculate v(h).
-106
Let g(v) be the first derivative of 11*v**4/4 + v**3 - 7*v**2/2 + 5*v - 5926. What is g(2)?
91
Let r(b) = b**2 - 6*b + 1. Suppose -c + 3*d - 8 = 0, 4*c - 24 = 2*c - 4*d. Let a be -6*(-3)/60 + (-2706)/20. Let v be (-2)/c + a/(-18). Determine r(v).
8
Let g = -5285 + 5286. Let c(r) = r**3 + 3*r**2. Give c(g).
4
Let g(z) = z**3 - 7*z**2 + 3*z + 2. Suppose -2*u + 56 - 24 = 0. Suppose -14*k = -6*k - u. Suppose 0*r + 10 = k*a + 2*r, -34 = -5*a + 4*r. Give g(a).
-16
Let h = -24187 - -24189. Let w(d) be the third derivative of -28*d**h + 0*d + 0*d**3 - 1/8*d**4 + 0. What is w(-2)?
6
Let s(b) = 18*b + 4. Let g be 640/64*(-4)/10. Determine s(g).
-68
Suppose 3*s - 2*f - 33 = 0, -2*f - f = 5*s - 74. Suppose 0 = -p - 2*o + s, -2*p + 2*o + 19 = 5. Let h(i) = -i**2 + 10*i - 6. What is h(p)?
3
Let n(a) be the third derivative of -a**6/120 - a**5/12 - a**4/6 - 2*a**3/3 + a**2. Let f(s) = -s - 14. Let v = 74 - 84. Let b be f(v). Calculate n(b).
-4
Let i(r) = -10*r + 772 + 1168 - 2420 + 25*r + 916. Determine i(-28).
16
Let h(x) be the second derivative of -x**4/12 - 7*x**3/6 + 2*x**2 + x. Let o = 507888 + -507896. Determine h(o).
-4
Let r(j) = j**3 - 18*j**2 - 406*j + 88. Let q be r(31). Let b(d) = d**3 + 3*d**2 - 20*d - 24. What is b(q)?
26
Let z be 36/3*-3*(-4)/36. Let x(b) = b**3 + 6*b + 16*b - 5*b**2 - 24*b - 1. Determine x(z).
-25
Let o = 5 - 0. Let q(x) = 0*x**3 + 7*x**2 - x**3 + o + 2*x - 8*x. Let g be (-10)/(-60) + (-35)/(-6). Calculate q(g).
5
Let c(o) = o**3 - 5*o**2 + 4*o - 6. Suppose -3*x + 9 = -2*j - j, 0 = 4*j. Let v be -4*((-25)/(-5) - x). Let q(u) = u**2 + 9*u + 12. Let l be q(v). Give c(l).
-6
Let y = -148 + -23. Let g = y + 166. Let o(n) = -n. Determine o(g).
5
Let x be ((-18)/45)/(2/30) + (-15 - -24). Let n(b) = b**2 + 10*b - 37. Give n(x).
2
Let z(q) = 4*q**3 + q**2 + 2*q - 1. Let d(v) = -23*v**3 + 3*v**2 + 2*v - 11. Let f(a) = -d(a) - 6*z(a). Calculate f(-6).
-7
Let b(t) = 3*t - 2. Let u(i) = 34*i - 12. Let n(w) = 10*b(w) - u(w). Determine n(7).
-36
Let c = -18 - -12. Let w(s) = 2*s - 12. Let y(m) = -6*m + 35. Let z(p) = c*y(p) - 17*w(p). Calculate z(0).
-6
Suppose -3*w + 4*w - 180 = 2*s, 3*w = 2*s + 520. Suppose -12*z + 29*z = -w. Let q(r) = -r**2 - 8*r + 7. Determine q(z).
-13
Let s = 24465 + -24459. Let p(g) be the second derivative of -g**3/2 - 3*g**2/2 - g. Calculate p(s).
-21
Let t(l) = -34 - 12 + 5466*l - 5464*l. Determine t(6).
-34
Let h(s) = 10*s**3 - 5*s**3 + 4*s**3 + 17*s - 4*s**3 - 4*s**3 - 17*s**2 - 14. Determine h(16).
2
Let o(x) = x**2 - 8*x + 1. Let t(r) = -4*r - 18 + 10*r**2 - 6 + 7*r - r**3. Let i be t(10). Calculate o(i).
-11
Let f(g) = g**3 + 8*g**2 + 9*g + 8. Let n(y) = y**3 + 34*y**2 + 64*y + 30. Let t be n(-32). Suppose -170 = t*l + 40. Determine f(l).
-6
Let d(l) = -2*l**2 + 19*l - 4. Let g(k) = -k**2 + 10*k - 2. Let c = -10277 + 10280. Let a be 5/(1 + -2 + 0). Let u(p) = a*g(p) + c*d(p). What is u(6)?
4
Let y(c) = c**3 + 11*c**2 + 17*c - 3. Let u be y(-9). Suppose o = u*o + 45. Let k(s) = s**2 + 11*s - 1. What is k(o)?
-19
Let p(i) = -i**2 - 7*i + 9. Let g be p(-8). Let v(w) = -w**2 + 5*w + g - 4*w + 4*w**2 - w**2. Suppose 3*m = 6*m + 4*q - 1, 6*q - 7 = m. Determine v(m).
2
Let s = -35255 - -35257. Let d(n) be the first derivative of 3/2*n**s + 12 + 1/3*n**3 + n. What is d(-4)?
5
Let i(j) be the second derivative of -j**2 + 0 - 5/6*j**3 + 4*j. Let b(m) = -6*m**2 - 75*m + 669. Let o be b(6). What is i(o)?
-17
Let q(w) = w**2 - 16*w + 30. Let f be q(14). Let o(j) = 20*j**2 + 2 - 31*j**2 + 10*j**f - 5*j. Determine o(-3).
8
Let o = -9 - -15. Let s(x) = 790624733*x - 395312368*x - 395312367*x + 3. Calculate s(o).
-9
Suppose -3*i + 31 = 5*r, -3*r = -5*i + 9*i - 23. Suppose 4*y + d - 89 = 170, r*y - 310 = -4*d. Let t = y + -71. Let q(w) = -w**3 - 5*w**2 + 3. Give q(t).
3
Let v(r) be the third derivative of -r**6/120 + 7*r**5/60 + r**4/6 - r**3/2 - 12*r**2 - 62*r + 1. Give v(7).
25
Let j(c) = -c - 3 + 4 + 0*c. Let w = -32827 + 32822. What is j(w)?
6
Let y = -2264 - -2265. Let a(n) = -33*n - 2. Determine a(y).
-35
Let q be (5/2)/(2/(-4)). Let m(v) = 3*v**2 - 15*v + 21. Let s be (-3)/(-3 - (10 - 12)). Let u(i) = 2*i**2 - 8*i + 11. Let h(d) = q*u(d) + s*m(d). What is h(-6)?
2
Let l(o) = o - 16. Let d(y) be the second derivative of y**3/6 - 3*y**2/2 + 85*y. Let s(c) = -5*d(c) + l(c). What is s(-2)?
7
Let n(w) be the second derivative of 0*w**2 - 1/40*w**5 - 5/3*w**3 + 1/12*w**4 + 0 - 6*w. Let b(x) be the second derivative of n(x). Calculate b(3).
-7
Let y be 1/(-1*(-1)/3). Let v(r) = 38*r + 6. Let o(a) = 239*a + 41. Let k(n) = 3*o(n) - 19*v(n). Give k(y).
-6
Let h(j) = j**3 + 4*j**2 + j + 6. Let v(x) = x**3 + 3*x**2 + x + 6. Let m(f) = 6*h(f) - 5*v(f). Suppose 6*y = 4*y + 4*z - 14, -2*z - 20 = 2*y. What is m(y)?
-3
Let s(y) = 0 + 68*y - 134*y + 2 + 61*y - 1. Suppose -4 = -4*d - 0. Let a = d - 2. Determine s(a).
6
Suppose 6*t = 10*t + b + 738, -5*t + 5*b = 910. Let c = t + 179. Let i(z) = -z**3 - 4*z**2 + 6*z - 2. Give i(c).
-7
Let s(t) = 171*t**3 - 4*t**2 + 2*t. Let z be s(1). Let u = -23 + 23. Let h(m) = z - 168 + u*m + m. Calculate h(-1).
0
Let s(j) be the first derivative of -j**2/2 - 29*j - 1818. Calculate s(-13).
-16
Let s be -4*(20 - 43218/2160). Let j(i) be the third derivative of -1/8*i**4 - 8*i**2 - s*i**5 + 0*i**3 + 0*i + 0. Give j(-2).
-2
Let d(y) be the second derivative of y**3/6 - y**2/2 + y. Let n(i) = 31*i**2 - 5949*i - 576. Let t be n(192). What is d(t)?
-1
Let r(m) = -11*m**2 - 109*m - 197. Let v(h) = -26*h**2 - 222*h - 394. Let x(w) = -5*r(w) + 2*v(w). Give x(-2).
7
Let j(l) = -7*l + 6. Let g be -7 - (0 + -4) - -7. Let d be (8 - g)*15/12. What is j(d)?
-29
Suppose -39 + 2 = 3*p + 2*h, 0 = -2*p + 4*h - 14. Let c(i) = i**3 + 7*i**2 - 46*i - 1. Calculate c(p).
21
Let f(u) = u + 4. Suppose a = 2, -5*g - 4*a - 38 = -3*a. Let c = g + 16. Suppose -2*w + c = -6*w. Give f(w).
2
Let w = 232 - 224. Let s(v) = -2*v**2 + v - 8*v**2 + 3*v**2 + w*v**2. Give s(5).
30
Suppose -18*m + 16*m + 4*s = -26, -5*s - 28 = -2*m. Let f(k) = 131 - 38 - 45 - 45 - m*k. Calculate f(3).
-24
Suppose -107*u - 640 = -112*u. Let j(a) = 5*a - 18*a - 6 - u*a**2 + 127*a**2. Determine j(-12).
6
Let j(l) = 151*l - 909. Let r be j(6). Let m(x) = 13*x**2 + 13*x + 11. Let s(u) = 7*u**2 + 7*u + 6. Let p(t) = 6*m(t) - 11*s(t). Calculate p(r).
6
Let p(d) be the first derivative of d**4/4 + 5*d**3/3 + d**2/2 + 6*d + 29. Suppose -20*z + 27 - 127 = 0. Calculate p(z).
1
Let c(z) be the second derivative of z**3/3 + 23*z**2/2 + z. Suppose 5625 - 1425 = -525*r. Determine c(r).
7
Let l(c) = -22*c**3 - 21*c**2 - 10*c - 1. Let a(o) = -10*o**3 - 10*o**2 - 4*o. Let n(q) = 9*a(q) - 4*l(q). Give n(-3).
-8
Let b(v) = v**2 + 11*v - 105. Suppose -450*g - 5478 - 2172 = 0. Calculate b(g).
-3
Let t be 63/28*8/2. Suppose -8*c + 2 = -t*c. Let y(b) = -5*b**2 - 2*b - 1. Give y(c).
-17
Let n = -6 + 6. Let x(b) = 4 + 215*b**3 + b**2 + 25 - 110*b**3 - 104*b**3. Give x(n).
29
Let c(z) be the third derivative of -z**6/720 - 11*z**5/60 - 7*z**4/6 + z**3/6 - 3*z**2 - 10. Let g(q) be the second derivative of c(q). Calculate g(-13).
-9
Let t = 426 - 422. Suppose 3*f + 1 = -8, 5*y - t*f - 17 = 0. Let p(h) = 3*h**3 - h + 1. Determine p(y).
3
Suppose 1540*y = 762*y + 759*y + 247. Let h(o) = -o**3 + 14*o**2 - 10*o - 23. What is h(y)?
16
Let t(j) = -6*j - 37. Let n(h) = h + 7. Let d(x) = 5*n(x) + t(x). Calculate d(-8).
6
Let l(f) = -f**2 + 5*f + 5. Let j be (-97 - -88)*((-26)/6 - -1). Suppose -5*v + 13*n = 15*n - j, n = 5. What is l(v)?
9
Let o(n) = n**3 - 11*n**2 - n. Let v(f) = 5*f**3 - 37*f**2 + 4*f - 7. Let g(q) = -4*o(q) + v(q). What is g(-5)?
3
Suppose -5*t + 30 = -3*h, -2*t - 4*h + 0 + 12 = 0. Let m(q) = -q**2 - 5*q + 3*q**2 - t - 3*q**2 + 3*q**2. Determine m(5).
19
Let v be 1/8 - (-475)/(-152) - -2. Let b(o) = -4*o + 1. Let y(a) = -4*a + 2. Let s(c) = -3*b(c) + 2*y(c). Give s(v).
-3
Let b(m) be the first derivative of -m**4/4 + m**3/3 + m**2 + m + 1597. Calculate b(2).
1
Let t(b) = b**3 + 12*b**2 - b - 7. Suppose 493 - 493 = -64*a. Calculate t(a).
-7
Suppose 2*t + 3 - 26 = 5*r, -5*t - 4*r + 41 = 0. Suppose 